e number?
False
Is 196437281 prime?
True
Is 46306451 prime?
True
Is 3527311 prime?
True
Is 1991177 composite?
False
Is 104345627 composite?
False
Is 57860519 composite?
False
Is 1561583 a composite number?
True
Is 5214351 a prime number?
False
Is 52773871 a prime number?
True
Is 91930831 prime?
True
Is 35688721 composite?
True
Is 485567 a prime number?
True
Is 26354486 composite?
True
Is 3186529 prime?
False
Is 450525329 composite?
False
Is 33410665 a prime number?
False
Is 139709893 a composite number?
True
Is 384247 composite?
False
Is 311586463 prime?
True
Is 2804401 prime?
False
Is 294671129 composite?
False
Is 16307961 a prime number?
False
Is 19007377 a composite number?
True
Is 73668341 prime?
True
Is 2694719 composite?
False
Is 838360115 prime?
False
Is 320629367 a prime number?
False
Is 324550673 composite?
True
Is 5743759 composite?
True
Is 656871923 a composite number?
False
Is 2378009 a composite number?
False
Is 873317 a composite number?
False
Is 122857 a prime number?
False
Is 17396605 composite?
True
Is 23845793 a prime number?
True
Is 2832866 a prime number?
False
Is 642137 prime?
False
Is 3514837 composite?
True
Is 4416017 composite?
False
Is 1003097 prime?
True
Is 816649 a prime number?
True
Is 239709997 a composite number?
False
Is 213842 composite?
True
Is 32871847 composite?
True
Is 6368839 a prime number?
False
Is 2661623 a prime number?
False
Is 50970287 composite?
True
Is 487771 a prime number?
False
Is 703415 a composite number?
True
Is 8818163 prime?
True
Is 39699421 prime?
True
Is 217621 a composite number?
True
Is 45204953 a composite number?
True
Is 8835221 a prime number?
True
Is 17815253 composite?
False
Is 2327509 a composite number?
False
Is 214090171 composite?
False
Is 35687341 composite?
False
Is 451429 prime?
False
Is 2634689 a prime number?
True
Is 20806151 a composite number?
True
Is 4117595 a prime number?
False
Is 5910127 a composite number?
False
Is 11430157 composite?
False
Is 8632333 composite?
False
Is 646079 a prime number?
False
Is 19151311 a composite number?
True
Is 400319 a prime number?
False
Is 242929909 a prime number?
False
Is 4417019 a prime number?
False
Is 36310909 a composite number?
False
Is 4098919 prime?
False
Is 1022011 prime?
True
Is 258758843 a prime number?
False
Is 145113733 prime?
True
Is 36391249 composite?
False
Is 102703333 composite?
False
Is 1829749 a prime number?
False
Is 19986493 prime?
True
Is 101770817 prime?
True
Is 244455441 a prime number?
False
Is 3324331 a prime number?
False
Is 245963233 prime?
True
Is 1383619 a prime number?
False
Is 16807649 a composite number?
False
Is 1960031 composite?
True
Is 1480793 prime?
True
Is 718379 prime?
True
Is 177599803 a prime number?
True
Is 1897199 prime?
True
Is 227322145 a prime number?
False
Is 5278643 composite?
True
Is 4356581 a composite number?
True
Is 11030417 a composite number?
True
Is 1654519 a composite number?
False
Is 111276922 a prime number?
False
Is 163764361 prime?
False
Is 27208339 a composite number?
False
Is 9752011 a composite number?
True
Is 162947 prime?
True
Is 4134257 prime?
True
Is 167282099 prime?
False
Is 4604791 composite?
False
Is 3362917 a composite number?
False
Is 6493741 a composite number?
False
Is 317221 a prime number?
False
Is 2977069 a prime number?
True
Is 626887 a composite number?
False
Is 18396643 prime?
False
Is 213028243 a prime number?
False
Is 8210347 composite?
True
Is 30066515 a composite number?
True
Is 6102631 composite?
False
Is 640537 a prime number?
False
Is 24328939 a composite number?
True
Is 159387 prime?
False
Is 509165 a prime number?
False
Is 4501153 a prime number?
True
Is 71258477 composite?
True
Is 732323 composite?
False
Is 798017 composite?
True
Is 1004963 prime?
True
Is 4370707 composite?
True
Is 30014951 a composite number?
False
Is 1998209 a prime number?
True
Is 13492265 composite?
True
Is 12354289 a composite number?
True
Is 6809645 a composite number?
True
Is 75986579 prime?
True
Is 8926045 prime?
False
Is 1971331 composite?
True
Is 50940889 prime?
True
Is 121137191 a prime number?
False
Is 1817213 a composite number?
False
Is 45716303 a composite number?
False
Is 42419599 a prime number?
False
Is 17817719 a prime number?
False
Is 14087317 prime?
True
Is 5863343 a prime number?
False
Is 79984487 prime?
False
Is 206593 composite?
False
Is 334264547 a prime number?
False
Is 341694691 composite?
True
Is 4782611 a prime number?
False
Is 216779 a composite number?
False
Is 5721693 a prime number?
False
Is 2759305 a composite number?
True
Is 30602938 a composite number?
True
Is 7195033 prime?
False
Is 2639953 a composite number?
False
Is 4923029 a prime number?
True
Is 11864311 composite?
False
Is 57594167 a composite number?
True
Is 182385211 a composite number?
False
Is 144089723 a prime number?
True
Is 5849 a composite number?
False
Is 32512913 composite?
True
Is 201207989 a composite number?
True
Is 17367241 a prime number?
True
Is 1558457 a prime number?
False
Is 1018846753 a composite number?
False
Is 35971739 a prime number?
True
Is 6566727 prime?
False
Is 138213021 prime?
False
Is 93320531 a prime number?
False
Is 1411469 a prime number?
False
Is 49758493 a composite number?
True
Is 21625811 prime?
True
Is 34413838 a prime number?
False
Is 55124221 a composite number?
False
Is 158508793 a prime number?
False
Is 297564929 prime?
True
Is 6483131 a prime number?
True
Is 347135 prime?
False
Is 80842697 a prime number?
False
Is 867417 a composite number?
True
Is 949407 prime?
False
Is 10893677 composite?
False
Is 73549274 prime?
False
Is 11970821 prime?
True
Is 1833121 a composite number?
False
Is 63695333 a composite number?
True
Is 8475091 prime?
False
Is 19858261 prime?
False
Is 16468007 a composite number?
True
Is 337895431 a prime number?
True
Is 105223201 a composite number?
False
Is 16517551 composite?
False
Is 7556819 a composite number?
True
Is 14559689 a prime number?
True
Is 2919362 composite?
True
Is 20205259 a prime number?
True
Is 45068767 composite?
False
Is 536651 a prime number?
True
Is 4576501 a prime number?
True
Is 11259169 prime?
False
Is 3302917 prime?
True
Is 76902853 prime?
False
Is 3195319 a composite number?
False
Is 2443061 a prime number?
True
Is 25191611 a composite number?
False
Is 25278007 prime?
False
Is 7752871 composite?
True
Is 36636277 a prime number?
True
Is 728287279 a composite number?
False
Is 349291 a prime number?
True
Is 169093 composite?
False
Is 277595413 composite?
True
Is 2469149 a composite number?
False
Is 47154347 a prime number?
False
Is 4178887 composite?
False
Is 6584749 prime?
True
Is 33841177 a composite number?
False
Is 32933161 composite?
False
Is 35352887 prime?
True
Is 14900813 a composite number?
False
Is 9484355 a composite number?
True
Is 10444631 composite?
False
Is 5171695 prime?
False
Is 1091203 a prime number?
False
Is 245997377 a composite number?
False
Is 41584063 a prime number?
True
Is 56188687 a prime number?
True
Is 2371991 prime?
True
Is 444721457 a composite number?
False
Is 188046247 a prime number?
False
Is 45229269 a prime number?
False
Is 1399043 composite?
True
Is 1525589 composite?
True
Is 60730066 a prime number?
False
Is 6959193 a composite number?
True
Is 751561 a composite number?
True
Is 44350487 prime?
True
Is 94242763 prime?
False
Is 49979117 a composite number?
False
Is 1218325657 prime?
False
Is 3822979 composite?
True
Is 7223383 a prime number?
False
Is 2020143 prime?
False
Is 2885654 composite?
True
Is 3271307 a prime number?
False
Is 9867911 a prime number?
False
Is 746597 a prime number?
True
Is 161046221 a prime number?
False
Is 14420147 prime?
False
Is 572123 prime?
False
Is 98335927 a prime number?
True
Is 213173 prime?
True
Is 7841017 composite?
True
Is 42678035 prime?
False
Is 55824529 composite?
True
Is 719679409 a composite number?
True
Is 707005253 a composite number?
True
Is 6811606 a composite number?
True
Is 1767187 a composite number?
False
Is 7535149 composite?
True
Is 670381619 a composite number?
False
Is 1524303749 a composite number?
False
Is 1628137 a composite number?
True
Is 21741887 a prime number?
True
Is 981769 a composite number?
False
Is 1797517 a composite number?
True
Is 53295881 a composite number?
True
Is 38141689 a prime number?
Fal